925?
True
Is 129 a factor of 35834963?
False
Is 79 a factor of 57020936?
True
Does 35 divide 26366802?
False
Is 77491288 a multiple of 28?
True
Is 15 a factor of 567931004?
False
Is 140506746 a multiple of 1425?
False
Does 111 divide 52319739?
True
Is 60402452 a multiple of 158?
True
Does 2561 divide 1533785461?
True
Is 1867 a factor of 555324214?
True
Is 53534242 a multiple of 2629?
False
Is 20 a factor of 1427371324?
False
Is 179309032 a multiple of 10?
False
Is 9279264 a multiple of 50?
False
Is 18234632 a multiple of 104?
True
Is 26817726 a multiple of 39?
True
Does 6 divide 31658372?
False
Does 394 divide 1120547844?
False
Is 6 a factor of 1669089848?
False
Is 6897 a factor of 440017628?
False
Is 635 a factor of 534477595?
True
Does 342 divide 31738968?
True
Is 464 a factor of 22691241?
False
Is 2 a factor of 2065919?
False
Is 124505247 a multiple of 285?
False
Is 323 a factor of 5768134?
True
Is 378142312 a multiple of 5354?
True
Is 23 a factor of 26568404?
True
Is 552 a factor of 84866688?
True
Is 437 a factor of 101860330?
True
Is 561624531 a multiple of 1093?
False
Is 620786553 a multiple of 62?
False
Is 4490455828 a multiple of 27?
False
Does 12 divide 221105?
False
Does 47 divide 21245504?
True
Is 23339555 a multiple of 16?
False
Does 133 divide 69008498?
False
Is 3 a factor of 169112451?
True
Is 75 a factor of 14493000?
True
Is 504 a factor of 29204280?
True
Is 63274478 a multiple of 1679?
False
Does 3442 divide 1708691408?
True
Does 1883 divide 77953584?
False
Is 597988412 a multiple of 4174?
False
Is 13 a factor of 1548092715?
True
Does 4400 divide 139607600?
True
Is 358373471 a multiple of 2029?
False
Is 2253224925 a multiple of 2325?
True
Does 22 divide 10356647?
False
Does 88 divide 114275249?
False
Is 9 a factor of 7250053?
False
Does 344 divide 95595880?
True
Is 47 a factor of 25888587?
True
Is 40 a factor of 16745000?
True
Is 2487992 a multiple of 188?
True
Does 12 divide 1613580?
True
Is 77563512 a multiple of 78?
True
Is 18 a factor of 17046706?
False
Is 835936903 a multiple of 8?
False
Is 771062280 a multiple of 1695?
True
Is 763 a factor of 3009419217?
False
Is 711595087 a multiple of 10429?
False
Is 28 a factor of 604795800?
True
Is 28 a factor of 44751042?
False
Does 70 divide 52865009?
False
Is 864 a factor of 637543008?
True
Is 816274194 a multiple of 64?
False
Does 305 divide 477625391?
False
Is 9 a factor of 9683118?
True
Is 5642910396 a multiple of 3532?
True
Does 96 divide 1726062932?
False
Does 113 divide 20202276?
False
Does 25 divide 23861449?
False
Is 264 a factor of 42456809?
False
Is 23514742 a multiple of 38?
True
Is 5035677 a multiple of 1031?
False
Is 42 a factor of 128254980?
True
Is 30696867 a multiple of 17?
False
Does 10 divide 186618380?
True
Is 29 a factor of 38005793?
False
Is 23 a factor of 2264291166?
True
Is 37 a factor of 52874929?
False
Does 3 divide 1173574?
False
Is 35 a factor of 61687477?
False
Does 96 divide 601763723?
False
Is 15 a factor of 794011905?
True
Does 11 divide 364278152?
False
Is 34 a factor of 3904969620?
False
Is 254 a factor of 56205882?
True
Does 65 divide 1818635?
True
Does 1692 divide 2228045669?
False
Is 56721881 a multiple of 24?
False
Does 7 divide 1584289422?
False
Does 2048 divide 33333136?
False
Does 575 divide 157595425?
True
Is 121 a factor of 92936349?
True
Is 200878538 a multiple of 49?
True
Is 264 a factor of 2528193624?
True
Is 32409055 a multiple of 32?
False
Does 40 divide 238421923?
False
Does 8782 divide 4253019360?
False
Is 165 a factor of 387433270?
False
Is 168455557 a multiple of 659?
True
Is 7079 a factor of 799735867?
True
Does 148 divide 409431936?
True
Is 57595132 a multiple of 89?
False
Is 5 a factor of 19207017?
False
Does 2073 divide 3461015166?
False
Is 21 a factor of 106555722?
True
Is 3872892 a multiple of 186?
True
Is 2592 a factor of 40468896?
True
Is 974447620 a multiple of 1910?
True
Is 2275127 a multiple of 23?
False
Does 53 divide 29280539?
True
Does 13 divide 96763394?
True
Is 81909270 a multiple of 142?
False
Is 230284170 a multiple of 3279?
True
Is 134618619 a multiple of 288?
False
Is 8 a factor of 37730432?
True
Is 8 a factor of 4300208?
True
Is 6860 a factor of 287523180?
True
Is 41533305 a multiple of 55?
True
Is 383221397 a multiple of 903?
False
Is 3520 a factor of 1124442412?
False
Does 88 divide 86535936?
False
Is 278295521 a multiple of 73?
False
Is 526169052 a multiple of 9?
True
Is 35281972 a multiple of 22?
True
Does 69 divide 121808184?
True
Is 11191663 a multiple of 13?
False
Does 2361 divide 1782954009?
True
Is 4278500 a multiple of 860?
True
Is 59063083 a multiple of 130?
False
Is 956 a factor of 15209004?
True
Is 395 a factor of 13995245?
True
Is 47 a factor of 3889485656?
False
Is 9031140 a multiple of 4596?
True
Is 29 a factor of 21445732?
True
Does 15 divide 49927914?
False
Does 97 divide 60233864?
False
Is 88865785 a multiple of 335?
True
Is 166 a factor of 4387261?
False
Does 78 divide 93373455?
False
Is 546 a factor of 869157198?
True
Is 332979751 a multiple of 13?
True
Does 13 divide 1333907913?
True
Is 1723485084 a multiple of 157?
True
Is 609452622 a multiple of 279?
True
Is 131115690 a multiple of 2538?
False
Is 181 a factor of 261837183?
False
Is 75 a factor of 635911476?
False
Is 424629664 a multiple of 35?
False
Is 60797554 a multiple of 28?
False
Is 18 a factor of 2888965?
False
Is 197 a factor of 6063241?
False
Is 231 a factor of 12014884?
False
Is 5686083 a multiple of 2113?
True
Does 6 divide 15321605?
False
Is 45 a factor of 6548737?
False
Is 4 a factor of 132797675?
False
Is 125 a factor of 740277018?
False
Is 106118683 a multiple of 149?
False
Does 270 divide 1505765183?
False
Does 377 divide 2501010758?
False
Does 10 divide 926842470?
True
Does 16 divide 39567936?
True
Does 49 divide 5344724?
True
Does 173 divide 24121752?
False
Does 128 divide 16168832?
True
Does 191 divide 319365943?
True
Is 50660318 a multiple of 35?
False
Does 132 divide 178905276?
True
Is 312 a factor of 40408730?
False
Is 50072880 a multiple of 11?
True
Is 125 a factor of 121793070?
False
Is 320 a factor of 39304320?
True
Is 129218406 a multiple of 10?
False
Is 76120390 a multiple of 698?
True
Is 48533768 a multiple of 16?
False
Is 83369070 a multiple of 25?
False
Does 669 divide 40290973?
False
Does 296 divide 15797019?
False
Is 157187856 a multiple of 28?
True
Does 2981 divide 252650024?
False
Is 738496995 a multiple of 159?
False
Is 38455592 a multiple of 5?
False
Does 88 divide 91558519?
False
Is 143 a factor of 233921366?
False
Does 7037 divide 188338268?
True
Is 132036922 a multiple of 130?
False
Is 2512 a factor of 51807488?
True
Is 89225508 a multiple of 134?
True
Is 42354385 a multiple of 23?
True
Is 279 a factor of 15409432?
False
Does 12 divide 1225227049?
False
Is 476 a factor of 45553676?
True
Is 37760451 a multiple of 2?
False
Is 29605362 a multiple of 123?
True
Does 2724 divide 67258284?
True
Is 185 a factor of 67292455?
True
Is 112 a factor of 570024784?
True
Is 7 a factor of 211697660?
False
Is 3029624262 a multiple of 14151?
False
Is 48409258 a multiple of 1132?
False
Is 749536578 a multiple of 1731?
False
Is 47544588 a multiple of 276?
True
Does 5578 divide 3229081888?
True
Does 9 divide 10801188?
True
Is 907508456 a multiple of 192?
False
Is 7649796 a multiple of 4?
True
Is 4240291 a multiple of 2?
False
Does 678 divide 27816239?
False
Is 8588050 a multiple of 25?
True
Is 51 a factor of 945058?
False
Is 3146 a factor of 721682962?
True
Is 27069736 a multiple of 187?
False
Is 14325186 a multiple of 234?
False
Does 61 divide 61137480?
False
Is 1218 a factor of 11013156?
True
Does 2993 divide 583386742?
False
Is 33 a factor of 7999134?
True
Is 134 a factor of 1336667688?
True
Is 83056812 a multiple of 93?
True
Is 1440861619 a multiple of 88?
False
Is 4 a factor of 48437434?
False
Is 15 a factor of 24563580?
True
Is 95 a factor of 6085985?
True
Does 788 divide 950803220?
False
Does 819 divide 1035882128?
False
Is 8340972 a multiple of 13?
False
Does 2310 divide 626211089?
False
Is 429 a factor of 3407976?
True
Is 1113167220 a multiple of 1804?
True
Does 23 divide 64515448?
False
Is 5 a factor of 114323225?
True
Does 64 divide 1804926533?
False
Does 465 divide 14638200?
True
Is 39614137 a multiple of